 + (1 - 1))?
54
Evaluate -180 + 181 - (-4 + (0 - -5)).
0
What is the value of (17503 - 17447) + (0 - (-2 + -38))?
96
Evaluate -52 + -40 - -118 - -81.
107
Calculate 2073 + -2067 + (17 - (1 - (3 - -1))).
26
Evaluate (17 - 1) + (-51 - -94 - 57) + -87.
-85
-180 - -228 - (67 + -2)
-17
What is the value of -12 + (0 - 2) + -6 + -4?
-24
What is the value of -3 + ((4 - 13) + -10 - (-48 - -31))?
-5
Calculate 0 - 73 - (-10 + 20 + -46 - -42).
-79
-17 + 26 + (-58 - -39)
-10
0 + -13 + 7 - -17 - (0 + 38)
-27
Evaluate 95 + 12 + (-72 - (-17 - 20)).
72
What is -97 + -42 + 62 - -4?
-73
Calculate (-13 - (-11 - -5) - -1 - -4) + -7.
-9
Calculate 0 - (-19 - (-17 - -8)).
10
Calculate -2 + (-6 - -10 - 2) - (53 + (-40 - -48)).
-61
58 + (-1751 + 1732 - (-2 - (9 - 0)))
50
-109 + 1 - ((14 + -29 - 33) + 33)
-93
2 + -20 + -7 - (-28 + 43)
-40
Calculate -93 + (-81 - -291 - 136).
-19
What is the value of 11 + (4 - 23) + -2 + -4 - 8?
-22
What is -9 + -59 + 73 + -23 + 0?
-18
Calculate (-66 + 15 - -22) + (-3 - -18).
-14
Calculate -19 + 18 + 1 + -2 + 24 + -2.
20
-84 + (592 - 588 - ((-2 - -1) + -2))
-77
11 + 4 + (-22 - (6 - 19) - 4)
2
20 + (23 - -25) - (-6 + 6 - (5 - 1))
72
Calculate -32 + 18 + -10 + (230 - 76).
130
What is -277 + 115 - -109 - 94?
-147
-39 - (-88 + -4 + 39 - 31)
45
Evaluate (26 - 15 - 54) + (12 - (-4 - -27)).
-54
1041 + -970 + (36 - 3)
104
(-7 - (-1 + 0)) + (33 - 135 - (2 - 28))
-82
106 - (24 - -33) - 59
-10
What is the value of (-2 - (-99 - (2 + -4))) + -25982 + 25970?
83
What is the value of (12 - ((1 - 4) + 7)) + 2 + -16?
-6
What is the value of 5 + -23 - ((-1 - 10) + -4) - -70?
67
(7 + -20 + -8 - -19) + -3 + 121 + -5
111
(9 - -1) + (206 - (-21 - -155))
82
What is the value of (-8 - -33) + 3 + -6 + 1?
23
1 - ((-60 - -59) + -5)
7
-3 - (-8 + -2 + 25 - -2)
-20
Calculate -12 + -10 + 3 + (8 - 8) + 15 + -5.
-9
Calculate -26 - (66 + -99 + 65).
-58
Calculate (-181 - -171) + (-22 - 7).
-39
What is -18 + (-6 - (-34 + 14))?
-4
What is the value of 23 - (132 + -61) - 1?
-49
Calculate 37 + (7 - (19 + -14 + -17)).
56
What is the value of 2 + (10 - 0) + (-267 - -216 - 71)?
-110
What is the value of 106 + -2 - (2 - 23 - (74 + -107))?
92
What is the value of 95 + -60 + (40 - 125)?
-50
(-61 - (10 + -27)) + -34
-78
What is the value of -43 - -101 - 145 - -166?
79
(-73 - -57) + (-11 - -50 - 9)
14
Calculate 3 + -1 + 7 + -2550 + 2580.
39
-30 + 22 + -3 - ((-3 - -5) + -3 - -27)
-37
Evaluate 4 + (-7 - ((-8 - -3) + -1)) + 7.
10
Calculate (-139 - -124 - (-2 + 2)) + (1 - -2) + -88.
-100
What is the value of (-23 - (-22 - (-32 - -15))) + -9?
-27
What is the value of 4 - 8 - 3 - (1 - (-3 + -8 + 3))?
-16
Calculate (-15 - 4) + (-11 - -36) + 45.
51
Calculate (-1 - -34) + -111 + (168 - 44).
46
Calculate (3 + 2 + 1 - (-6 + 3)) + 59 + -65.
3
4 - (115 - 126 - (-1 + -14) - 4 - -58)
-54
What is (-11 - 0) + 18 - (-4 + 9 + -4)?
6
Calculate 18 - 3 - (-106 - (-2 + -10 + (1 - -5))).
115
Calculate 3 + 0 - -3 - (22 - (-5 + 15)) - -78.
72
What is the value of 1 + 50 - (29 - -52 - 91)?
61
Evaluate -82 + (10 - (-19 + 48 + -37)).
-64
What is the value of (-3 + -1 - (1 - 6)) + (-17 - -15) - 52?
-53
What is (-4 - -5) + -7 - (2 - (23 + -12))?
3
Calculate -1 + 31 + 2570 + -2561.
39
Calculate -63 - (250 + -247 - (-4 + -4)).
-74
What is the value of (21 - 5) + 58 + -16 + 42?
100
What is the value of -10 + (0 + -24 - 0 - 2)?
-36
-43 + (59 - 11) + 0 + 8 + 54
67
What is the value of 3 - (17 - (-13 + 35 + 3) - (0 - -1))?
12
Evaluate -5 - 11 - -4 - (2 + -90 + 12).
64
(14 - (17 - (18 - 17))) + 49
47
Evaluate ((-21 - -3 - -6) + 10 - -1) + (0 - 10).
-11
Calculate -209 + 233 - (19 + 2).
3
Calculate (87 - (3 - -55)) + -84.
-55
Calculate -20 - (-20 + -15 + (3 - 12)).
24
What is 1 + (0 - (-2 + 3) - 7) + (1151 - 1140)?
4
Calculate -94 + 107 + (-6 + 3 - 95) + -9.
-94
What is the value of 3 + 26 - -5 - (-38 + 24 - -2)?
46
What is the value of (-1 - (2 - 3)) + (-2 - -2) + 39 + -91?
-52
What is -14 + -6 - -38 - 6 - 21 - -68?
59
76 + 2 - (20 - (16 + -8 + 17) - -17)
66
Evaluate 778 - 797 - (1 + 3 - (-6 - -91)).
62
Calculate -112 - (-24 + -23 + (-34 - -54)).
-85
-44 - (31 + -71 + 15)
-19
Calculate 8 - (-5 + -47 + 0 + -4).
64
Calculate -31 - ((12 + -15 - (4 - 6)) + 14).
-44
What is 0 + -91 - (-7009 - -6918)?
0
Evaluate -13 - ((-4 - -1) + 35 + -36 + -12).
3
What is -98 - (-143 + (-35 - -57))?
23
What is -9 + ((-3 - (-7 - -4)) + (-6 - 1) - -46)?
30
-24 - (4 - (-5 - 2 - -17))
-18
Calculate 0 + -98 - ((288 - 569) + 296).
-113
What is 9 + -44 + 0 + 5?
-30
-55 + (-80 + -12 - -150)
3
What is the value of -21 + -13 + 27 + (3 + -22 - 6)?
-32
What is the value of -28 + -44 - -71 - 18?
-19
What is 60 + (-39 - (-52 + 31))?
42
(-6 - -1) + (14 + -4 - (-118 + 90))
33
Evaluate -223 - (68 + -178 - 6).
-107
Evaluate 68 + (-126 - 13) + 111.
40
Calculate 1 - (-32 - -25) - (-44 - (-5 - (0 + -4))).
51
What is 7 - (128 + -121 + -35 + -1 + (5 - 1))?
32
What is (-21 - -24) + -3 + -17 + (-9 - -18)?
-8
What is -2 + 58 + -6 + (6 + -13 - -17)?
60
What is -30 - (19 + -28) - (2 + (3 - 12))?
-14
Calculate -50 + (-45 - -16) + 83 - (-42 + 2 - 0).
44
Evaluate -1 - ((-2 - -3 - -22) + -4 - (-158 - -163)).
-15
-9 + 71 + -43 - (-20 - -3)
36
Evaluate (9 - (71 + -107)) + 21.
66
Evaluate -271 + 290 - (-4 + 140 + -11).
-106
Evaluate 2 - 2 - (17 + -1 + -628 + 658).
-46
Calculate 10 + (-11 - (-46 + 50)).
-5
(-16 - -8) + 19 + (-1 - (-60 + -3 - -13))
60
What is the value of -3 - (0 - -2) - (261 + -329) - 13?
50
What is 2 - (-14 + (54 - 24)) - -1?
-13
Calculate -40 + (13 - (-9 - -21) - (-9 + 1)) + -3.
-34
What is the value of -20 + 17 + -46 + 0 + (0 - -14)?
-35
What is the value of -53 + (-20 - 37) - (3 + -3 + -6 + -2)?
-102
Evaluate -4 - (-25 - -8) - (56 - (-46 - -18)).
-71
What is -76 + -34 - (115 + -160)?
-65
Evaluate (47 - (57 + -102)) + -102.
-10
Evaluate (95 + -23 - -25) + -40.
57
Evaluate (-3 + 106 - 4) + (6 - (-19 - -27) - -11).
108
Calculate 1 - (4 + -5) - (18 - 1).
-15
39 - (-1 + 6 + (5 - 5 - (10 - 1)))
43
Evaluate (-1 - (2 - -7)) + 3180 + -3156.
14
(-21 - (50 - 10)) + 14
-47
Calculate -7 + -13 + (-11 - -31) + (-2 - -3).
1
Evaluate 7 - -10 - 49 - (-6 - -18).
-44
What is -1 + 6 + -8 + -4 + 4 + 42?
39
-64 - (-23 + -9) - ((0 + 6 - -14) + -6)
-46
Evaluate 28 + (46 + 0 + -43 - (0 + -3)).
34
Calculate -43 - ((-12 - -25) + 4 + -30).
-30
Evaluate -4 + (-8 - -14) + -10 + -4 - -2.
-10
Evaluate -4742 - -4752 - (0 - 24).
34
(4 - 16) + (-16 + 17 - 24) + 16
-19
Calculate (21 + -6 + -4 - 4) + -47 + -1.
-41
What is the value of 1 + 2 - -45 - (2932 + -2930)?
46
Evaluate (-123 - -21) + (66 - 26).
-62
What is 74 + (-10 - ((-6 - 16) + 14) - 17) + 14?
69
19 + 64 + 344 + -355
72
Evaluate -1 - (-2 + 2) - (-41 - -136 - (12 - 22)).
-106
(-11 + (-8 - -42) - -3) + 5 + -2 + -2
27
What is the value of -9 - 0 - (49 + -18 + -18)?
-22
Calculate 41 - 8 - (-447 + 525).
-45
What is the value of (43 - 96 - -126) + 6 + 17?
96
What is (26 + (1 - 7) - (1 + 13)) + (0 - -2)?
8
-39 - (-1535 + 1543 - (0 - 25))
-72
Evaluate 1 + 7 + -61 + 16 + 24.
-13
Evaluate -423 + 393 - (-101 + -2).
73
What is -27 - (10 - -29) - (1 + -19) - 6?
-54
What is (0 - -42) + (-25 - 23) + -3 + -81?
-90
Evaluate (12 - -8) + -14 + -1 + (-9 - -5).
1
-27 + (-26 - (-239 - -31 - -31))
124
What is -26 - (-113 + (63 - -13))?
11
What is the value of 2 + 7 + 1 + -11 - (-6 + 11)?
-6
What is the value of 3 - (-54 + 86) - 1?
-30
(-441 - -457) + 0 + -31
-15
What is the value of (1 - 1) + 20 + (-24 + 32 - 21)?
7
What is the value of -3 - (-31 + -13 + 37) - -41?
45
What is -6 + 1 - (-51 + 31 + 17 + (3 - -2))?
-7
Evaluate 13 + 36 - 11 - 8 - (10 + -27 - -7).
40
What is 43 - 1 - (-2813 - -2863)?
-8
(408 - 452) + -16 + 6 + 98
44
What is 2569 + -2615 - (-1 - 25)?
-20
2 + (-23 - -10) + 6 - (109 - 4)
-110
Evaluate 41 + -7 - -8 - (12 + -1 + 37 + -56).
50
What is 6 - (-45 + 23 + 31) - 100 - -14?
-89
What is the value of 46 + (476 - 493 - (1 - 19))?
47
What is the value of -47 + (-15 - (-181 + 67))?
52
What is the value of (-2 + 2 - (-27 - (-32 + -9))) + 44 + -9?
21
What is (718 - 702) + -115 + (-1 + -2 - 0)?
-102
Evaluate 10 + (-4 + -81 + 11 - (1 + 16)).
-81
-128 - (-2 + -1 + 13 - (-322 - -326)) - -13
-121
What is 10 + (81 - (-1 + (-14 - -9) + -10))?
107
Evaluate -59 - -82 - (-2 + (2 - -4)).
19
What is the value of -26 + -2 + 98 + -41 + -64?
-35
What is (1017 -